rs of 939638887.
11, 67, 983, 1297
What are the prime factors of 72388878?
2, 3, 1171, 10303
What are the prime factors of 647279993?
1861, 347813
List the prime factors of 305306670.
2, 3, 5, 10176889
What are the prime factors of 89958947?
13, 6919919
What are the prime factors of 3395852048?
2, 97, 2188049
What are the prime factors of 93605215?
5, 11, 1701913
What are the prime factors of 42569820?
2, 3, 5, 31, 2543
What are the prime factors of 1638798147?
3, 7, 17, 1530157
What are the prime factors of 64843840?
2, 5, 202637
What are the prime factors of 1451084146?
2, 31, 557, 42019
List the prime factors of 1903295415.
3, 5, 7, 397, 45659
List the prime factors of 148840912.
2, 11, 23, 83, 443
What are the prime factors of 14672910?
2, 3, 5, 7, 107, 653
What are the prime factors of 157387903?
283, 421, 1321
List the prime factors of 274580564.
2, 7129, 9629
List the prime factors of 465882535.
5, 17, 29, 188999
What are the prime factors of 28523114?
2, 71, 200867
List the prime factors of 1223447168.
2, 353, 27077
List the prime factors of 1273941866.
2, 14159, 44987
List the prime factors of 837122343.
3, 643, 433967
What are the prime factors of 13625496?
2, 3, 43, 163
List the prime factors of 341576180.
2, 5, 11, 1552619
List the prime factors of 2877287024.
2, 179830439
List the prime factors of 54092980.
2, 5, 17, 159097
What are the prime factors of 57621418?
2, 28810709
List the prime factors of 60652809.
3, 7, 962743
What are the prime factors of 35129131?
59, 379, 1571
List the prime factors of 1332202076.
2, 17, 389, 50363
What are the prime factors of 43632583?
37, 1179259
List the prime factors of 57504972.
2, 3, 7, 503, 1361
List the prime factors of 743330239.
47, 15815537
List the prime factors of 411178834.
2, 11, 18689947
What are the prime factors of 180029639?
1697, 106087
List the prime factors of 779708772.
2, 3, 1259, 17203
What are the prime factors of 1831357863?
3, 1999, 33931
What are the prime factors of 250464432?
2, 3, 53, 98453
What are the prime factors of 1967539076?
2, 97, 197, 25741
List the prime factors of 761006202.
2, 3, 11, 19, 606863
List the prime factors of 19884590.
2, 5, 11, 41, 4409
List the prime factors of 45947841.
3, 15315947
List the prime factors of 9437011.
41, 337, 683
What are the prime factors of 393733104?
2, 3, 151, 54323
List the prime factors of 1210425793.
1459, 829627
List the prime factors of 99298060.
2, 5, 4964903
What are the prime factors of 1235622627?
3, 45763801
What are the prime factors of 1473077855?
5, 37, 7962583
What are the prime factors of 1400059833?
3, 43, 1723, 6299
List the prime factors of 26413627.
26413627
List the prime factors of 2217387396.
2, 3, 7, 3771067
What are the prime factors of 25254521?
25254521
List the prime factors of 131181299.
17, 7716547
List the prime factors of 376411974.
2, 3, 23, 2727623
List the prime factors of 190009066.
2, 13, 641, 877
What are the prime factors of 6325149179?
233, 27146563
What are the prime factors of 1971351862?
2, 4723, 208697
What are the prime factors of 3551973442?
2, 3769, 471209
List the prime factors of 112983425.
5, 4519337
What are the prime factors of 8285410584?
2, 3, 11, 389, 26893
List the prime factors of 12326296.
2, 1540787
List the prime factors of 193227812.
2, 29, 1665757
List the prime factors of 193684638.
2, 3, 7, 17, 61, 4447
What are the prime factors of 522228747?
3, 61, 2853709
List the prime factors of 307327564.
2, 17, 23, 196501
What are the prime factors of 56088300?
2, 3, 5, 31, 37, 163
List the prime factors of 97929361.
41, 43, 55547
List the prime factors of 701470884.
2, 3, 653, 89519
List the prime factors of 455961063.
3, 17, 67, 133439
List the prime factors of 118891449.
3, 809, 5443
List the prime factors of 72893064.
2, 3, 953, 3187
List the prime factors of 18306814.
2, 769, 11903
List the prime factors of 1093436204.
2, 7, 181, 215753
What are the prime factors of 24725212?
2, 137, 45119
List the prime factors of 431028501.
3, 61, 2355347
List the prime factors of 318194541.
3, 7, 79, 101, 211
What are the prime factors of 137246513?
1109, 123757
What are the prime factors of 33829552?
2, 2114347
List the prime factors of 4262675.
5, 167, 1021
What are the prime factors of 5218105031?
12437, 419563
What are the prime factors of 19302375?
3, 5, 51473
List the prime factors of 145700506.
2, 7, 17, 36011
What are the prime factors of 65460779?
73, 896723
What are the prime factors of 628840181?
628840181
What are the prime factors of 518102672?
2, 163, 198659
List the prime factors of 1159603686.
2, 3, 29, 73, 30431
List the prime factors of 75730107.
3, 29, 870461
What are the prime factors of 2413368024?
2, 3, 100557001
What are the prime factors of 28831654?
2, 14415827
List the prime factors of 2080128409.
2080128409
What are the prime factors of 13781910?
2, 3, 5, 459397
List the prime factors of 2905712.
2, 181607
List the prime factors of 49565346.
2, 3, 89, 101, 919
List the prime factors of 750818637.
3, 83424293
What are the prime factors of 113145209?
19, 5955011
List the prime factors of 138322656.
2, 3, 480287
List the prime factors of 58335105.
3, 5, 3889007
What are the prime factors of 7336779225?
3, 5, 19, 73, 70529
What are the prime factors of 487171119?
3, 23, 37, 190823
List the prime factors of 1925654240.
2, 5, 12035339
What are the prime factors of 153390083?
7, 11, 1992079
List the prime factors of 90196306.
2, 19, 37, 64151
What are the prime factors of 1532285449?
1532285449
List the prime factors of 724449046.
2, 193, 937, 2003
What are the prime factors of 75162920?
2, 5, 7, 268439
What are the prime factors of 1089865810?
2, 5, 11, 23, 97, 4441
List the prime factors of 835686703.
733, 1140091
List the prime factors of 90915553.
90915553
What are the prime factors of 37345414?
2, 43, 434249
What are the prime factors of 147132656?
2, 11, 19, 23, 1913
List the prime factors of 1055577849.
3, 351859283
What are the prime factors of 4374064?
2, 167, 1637
What are the prime factors of 90811533?
3, 179, 263, 643
What are the prime factors of 10775910?
2, 3, 5, 31, 11587
List the prime factors of 262302250.
2, 5, 7, 37, 4051
What are the prime factors of 450711803?
17, 3527, 7517
What are the prime factors of 127637704?
2, 347, 45979
List the prime factors of 154313184.
2, 3, 89, 18061
List the prime factors of 27058424.
2, 17, 198959
What are the prime factors of 2376236596?
2, 19, 31266271
What are the prime factors of 31771120?
2, 5, 409, 971
List the prime factors of 78285053.
7, 11, 1016689
What are the prime factors of 2536081771?
61, 347, 119813
List the prime factors of 107411480.
2, 5, 11, 101, 2417
What are the prime factors of 787608721?
3581, 219941
List the prime factors of 4598055.
3, 5, 7, 11, 1327
What are the prime factors of 2015346405?
3, 5, 73, 139, 13241
List the prime factors of 36171943.
389, 92987
What are the prime factors of 24647386?
2, 12323693
What are the prime factors of 64594629?
3, 11, 29, 149, 151
What are the prime factors of 123434263?
17, 7260839
List the prime factors of 1219451592.
2, 3, 2897, 17539
List the prime factors of 348421312.
2, 29, 347, 541
List the prime factors of 225897712.
2, 14118607
What are the prime factors of 130508839?
130508839
What are the prime factors of 679902823?
281, 2419583
List the prime factors of 350026608.
2, 3, 7292221
What are the prime factors of 46776922?
2, 397, 58913
List the prime factors of 5534399606.
2, 17, 162776459
List the prime factors of 26894141.
26894141
List the prime factors of 101167250.
2, 5, 37, 10937
What are the prime factors of 122002585?
5, 24400517
What are the prime factors of 72654983?
173, 461, 911
List the prime factors of 2570964418.
2, 11, 173, 373, 1811
What are the prime factors of 4838160?
2, 3, 5, 19, 1061
What are the prime factors of 4217748774?
2, 3, 21997, 31957
List the prime factors of 355297393.
11, 47, 229, 3001
What are the prime factors of 124358191?
124358191
What are the prime factors of 101301919?
9137, 11087
What are the prime factors of 7634740312?
2, 53, 439, 41017
What are the prime factors of 694007381?
29, 23931289
List the prime factors of 49676371.
49676371
List the prime factors of 236571475.
5, 7, 1351837
L